{"id":113,"date":"2022-03-11T12:31:30","date_gmt":"2022-03-11T12:31:30","guid":{"rendered":"https:\/\/www.tamperemaja.ee\/majutus\/?page_id=113"},"modified":"2022-05-10T08:13:16","modified_gmt":"2022-05-10T08:13:16","slug":"teenused","status":"publish","type":"page","link":"https:\/\/tamperemaja.ee\/majutus\/teenused\/","title":{"rendered":"Soovime, et Tartus olemine oleks Teile mugav"},"content":{"rendered":"\n<p class=\"has-text-align-center wp-el\">Tutvu meie teenusevalikuga<\/p>\n\n\n<div id=\"acf-block_622b411a54b0a\" class=\"acf-block-element element-services layout_default\"><div class=\"element-inner\"><div id=\"service-110\" class=\"service-item\"><div class=\"service-item__icon d-flex flex-wrap align-items-center\"><img decoding=\"async\" src=\"https:\/\/tamperemaja.ee\/majutus\/wp-content\/uploads\/sites\/3\/2022\/03\/icon-bike.svg\" alt=\"\" \/><\/div><div class=\"service-item__content d-flex flex-wrap align-items-center\"><p class=\"has-large-font-size font-weight-bold\">Jalgratta rent<\/p><div class=\"serv_desc\">Hetkel on meil pakkuda kaks korralikku Helkama linnaratast \u2013 kolmek\u00e4iguline ja seitsmek\u00e4iguline.\r\nTartu kergliiklusteede paiknemist on v\u00f5imalik vaadata lingilt: <a href=\"https:\/\/tartu.maps.arcgis.com\/apps\/webappviewer\/index.html?id=e462e23eeb8d42768d3937bdce42e583\" target=\"_blank\" rel=\"noopener\">kergliiklusteed<\/a><\/div><div class=\"wp-block-button\"><button type=\"button\" class=\"wp-block-button__link\" data-toggle=\"modal\" data-target=\"#serviceModal-110\">Vaata hindu<\/button><\/div><\/div><div class=\"modal fade\" id=\"serviceModal-110\" tabindex=\"-1\" aria-labelledby=\"serviceModal-110Label\" aria-hidden=\"true\"><div class=\"modal-dialog modal-service modal-dialog-centered modal-dialog-scrollable modal-xl\"><div class=\"modal-content\"><button type=\"button\" class=\"close\" data-dismiss=\"modal\" aria-label=\"Sulge\"><svg width=\"24\" height=\"24\" viewBox=\"0 0 24 24\" fill=\"none\" xmlns=\"http:\/\/www.w3.org\/2000\/svg\"><path fill-rule=\"evenodd\" clip-rule=\"evenodd\" d=\"M0.590729 20.5569C-0.19691 21.3445 -0.19691 22.6216 0.590729 23.4092C1.37837 24.1968 2.65538 24.1968 3.44302 23.4092L12.0002 14.8519L20.5575 23.4093C21.3452 24.1969 22.6222 24.1969 23.4098 23.4093C24.1975 22.6216 24.1975 21.3446 23.4098 20.557L14.8525 11.9996L23.4091 3.44304C24.1967 2.6554 24.1967 1.37838 23.4091 0.590733C22.6214 -0.19691 21.3444 -0.196911 20.5568 0.590731L12.0002 9.14733L3.44376 0.590805C2.65612 -0.196838 1.3791 -0.196838 0.591463 0.590805C-0.196176 1.37845 -0.196178 2.65547 0.591461 3.44311L9.14794 11.9996L0.590729 20.5569Z\" fill=\"var(--primary-color)\"\/><\/svg><\/button><div class=\"modal-body d-flex flex-wrap\"><div class=\"modal-body__content\"><p class=\"has-giant-font-size\">Jalgratta rent<\/p><div class=\"modal-info__row\"><p>Tunnihind on 2\u20ac<\/p><\/div><div class=\"modal-info__row\"><p>P\u00e4evahind 10\u20ac<\/p><\/div><div class=\"modal-info__row\"><p>K\u00fclastajatele, kes \u00f6\u00f6bivad meie juures kolm v\u00f5i enam \u00f6\u00f6d j\u00e4rjest, on jalgratta kasutamine tasuta.<\/p><p class=\"has-small-font-size\">Juhul kui on vabu rattaid<\/p><\/div><div class=\"has-small-font-size editor-content\">\n<div class=\"wpcf7 no-js\" id=\"wpcf7-f764-o1\" lang=\"et\" dir=\"ltr\">\n<div class=\"screen-reader-response\"><p role=\"status\" aria-live=\"polite\" aria-atomic=\"true\"><\/p> <ul><\/ul><\/div>\n<form action=\"\/majutus\/wp-json\/wp\/v2\/pages\/113#wpcf7-f764-o1\" method=\"post\" class=\"wpcf7-form init\" aria-label=\"Contact form\" novalidate=\"novalidate\" data-status=\"init\">\n<div style=\"display: none;\">\n<input type=\"hidden\" name=\"_wpcf7\" value=\"764\" \/>\n<input type=\"hidden\" name=\"_wpcf7_version\" value=\"5.9.8\" \/>\n<input type=\"hidden\" name=\"_wpcf7_locale\" value=\"et\" \/>\n<input type=\"hidden\" name=\"_wpcf7_unit_tag\" value=\"wpcf7-f764-o1\" \/>\n<input type=\"hidden\" name=\"_wpcf7_container_post\" value=\"0\" \/>\n<input type=\"hidden\" name=\"_wpcf7_posted_data_hash\" value=\"\" \/>\n<\/div>\n<span class=\"wpcf7-form-control-wrap\" data-name=\"date-516\"><input class=\"wpcf7-form-control wpcf7-date wpcf7-validates-as-required wpcf7-validates-as-date\" aria-required=\"true\" aria-invalid=\"false\" placeholder=\"Vali kuup\u00e4ev\" value=\"\" type=\"date\" name=\"date-516\" \/><\/span>\n\n<span class=\"wpcf7-form-control-wrap\" data-name=\"your-name\"><input size=\"40\" maxlength=\"400\" class=\"wpcf7-form-control wpcf7-text wpcf7-validates-as-required\" aria-required=\"true\" aria-invalid=\"false\" placeholder=\"Nimi\" value=\"\" type=\"text\" name=\"your-name\" \/><\/span>\n\n<span class=\"wpcf7-form-control-wrap\" data-name=\"your-email\"><input size=\"40\" maxlength=\"400\" class=\"wpcf7-form-control wpcf7-email wpcf7-validates-as-required wpcf7-text wpcf7-validates-as-email\" aria-required=\"true\" aria-invalid=\"false\" placeholder=\"Emaili aadress\" value=\"\" type=\"email\" name=\"your-email\" \/><\/span>\n\n<span class=\"wpcf7-form-control-wrap\" data-name=\"your-message\"><textarea cols=\"40\" rows=\"10\" maxlength=\"2000\" class=\"wpcf7-form-control wpcf7-textarea\" aria-invalid=\"false\" placeholder=\"Lisateave\" name=\"your-message\"><\/textarea><\/span>\n\n<div class=\"text-center\"><input class=\"wpcf7-form-control wpcf7-submit has-spinner\" type=\"submit\" value=\"Broneeri ratas\" \/><\/div><div class=\"wpcf7-response-output\" aria-hidden=\"true\"><\/div>\n<\/form>\n<\/div>\n\n<\/div><\/div><div class=\"modal-body__img\"><img loading=\"lazy\" decoding=\"async\" width=\"896\" height=\"640\" src=\"https:\/\/tamperemaja.ee\/majutus\/wp-content\/uploads\/sites\/3\/fly-images\/277\/rattad-896x640-c.jpg\" class=\"attachment-896x640\" alt=\"rattad\" \/><\/div><\/div><\/div><\/div><\/div><\/div><div id=\"service-111\" class=\"service-item\"><div class=\"service-item__icon d-flex flex-wrap align-items-center\"><img decoding=\"async\" src=\"https:\/\/tamperemaja.ee\/majutus\/wp-content\/uploads\/sites\/3\/2022\/03\/icon-sauna.svg\" alt=\"\" \/><\/div><div class=\"service-item__content d-flex flex-wrap align-items-center\"><p class=\"has-large-font-size font-weight-bold\">Saun<\/p><div class=\"serv_desc\">Tampere Majas on v\u00f5imalik nautida saunam\u00f5nusid saunas, mille laval j\u00e4tkub ruumi umbes 7 inimesele. Saunaruumiga on \u00fchenduses kaminatuba, kus saab istuda nii laua taga kui ka diivanil. Saunaruumid mahutavad korraga umbes 15 inimest.<\/div><div class=\"wp-block-button\"><button type=\"button\" class=\"wp-block-button__link\" data-toggle=\"modal\" data-target=\"#serviceModal-111\">Vaata hindu<\/button><\/div><\/div><div class=\"modal fade\" id=\"serviceModal-111\" tabindex=\"-1\" aria-labelledby=\"serviceModal-111Label\" aria-hidden=\"true\"><div class=\"modal-dialog modal-service modal-dialog-centered modal-dialog-scrollable modal-xl\"><div class=\"modal-content\"><button type=\"button\" class=\"close\" data-dismiss=\"modal\" aria-label=\"Sulge\"><svg width=\"24\" height=\"24\" viewBox=\"0 0 24 24\" fill=\"none\" xmlns=\"http:\/\/www.w3.org\/2000\/svg\"><path fill-rule=\"evenodd\" clip-rule=\"evenodd\" d=\"M0.590729 20.5569C-0.19691 21.3445 -0.19691 22.6216 0.590729 23.4092C1.37837 24.1968 2.65538 24.1968 3.44302 23.4092L12.0002 14.8519L20.5575 23.4093C21.3452 24.1969 22.6222 24.1969 23.4098 23.4093C24.1975 22.6216 24.1975 21.3446 23.4098 20.557L14.8525 11.9996L23.4091 3.44304C24.1967 2.6554 24.1967 1.37838 23.4091 0.590733C22.6214 -0.19691 21.3444 -0.196911 20.5568 0.590731L12.0002 9.14733L3.44376 0.590805C2.65612 -0.196838 1.3791 -0.196838 0.591463 0.590805C-0.196176 1.37845 -0.196178 2.65547 0.591461 3.44311L9.14794 11.9996L0.590729 20.5569Z\" fill=\"var(--primary-color)\"\/><\/svg><\/button><div class=\"modal-body d-flex flex-wrap\"><div class=\"modal-body__content\"><p class=\"has-giant-font-size\">Saun<\/p><div class=\"modal-info__row\"><p>1-2 inimest on 20\u20ac \/ tund iga j\u00e4rgnev tund 10\u20ac<\/p><\/div><div class=\"modal-info__row\"><p>3-4 inimest on 25\u20ac \/ tund iga j\u00e4rgnev tund 15\u20ac<\/p><\/div><div class=\"modal-info__row\"><p>5-9 inimest on 30\u20ac \/ tund iga j\u00e4rgnev tund 20\u20ac<\/p><\/div><div class=\"modal-info__row\"><p>10-15 inimest on 40\u20ac \/ tund iga j\u00e4rgnev tund 30\u20ac<\/p><\/div><div class=\"has-small-font-size editor-content\">\n<div class=\"wpcf7 no-js\" id=\"wpcf7-f765-o2\" lang=\"et\" dir=\"ltr\">\n<div class=\"screen-reader-response\"><p role=\"status\" aria-live=\"polite\" aria-atomic=\"true\"><\/p> <ul><\/ul><\/div>\n<form action=\"\/majutus\/wp-json\/wp\/v2\/pages\/113#wpcf7-f765-o2\" method=\"post\" class=\"wpcf7-form init\" aria-label=\"Contact form\" novalidate=\"novalidate\" data-status=\"init\">\n<div style=\"display: none;\">\n<input type=\"hidden\" name=\"_wpcf7\" value=\"765\" \/>\n<input type=\"hidden\" name=\"_wpcf7_version\" value=\"5.9.8\" \/>\n<input type=\"hidden\" name=\"_wpcf7_locale\" value=\"et\" \/>\n<input type=\"hidden\" name=\"_wpcf7_unit_tag\" value=\"wpcf7-f765-o2\" \/>\n<input type=\"hidden\" name=\"_wpcf7_container_post\" value=\"0\" \/>\n<input type=\"hidden\" name=\"_wpcf7_posted_data_hash\" value=\"\" \/>\n<\/div>\n<span class=\"wpcf7-form-control-wrap\" data-name=\"date-516\"><input class=\"wpcf7-form-control wpcf7-date wpcf7-validates-as-required wpcf7-validates-as-date\" aria-required=\"true\" aria-invalid=\"false\" placeholder=\"Vali kuup\u00e4ev\" value=\"\" type=\"date\" name=\"date-516\" \/><\/span>\n\n<span class=\"wpcf7-form-control-wrap\" data-name=\"menu-564\"><select class=\"wpcf7-form-control wpcf7-select wpcf7-validates-as-required\" aria-required=\"true\" aria-invalid=\"false\" name=\"menu-564\"><option value=\"1 tund\">1 tund<\/option><option value=\"2 tundi\">2 tundi<\/option><option value=\"3 tundi\">3 tundi<\/option><option value=\"4 tundi\">4 tundi<\/option><option value=\"5 tundi\">5 tundi<\/option><option value=\"6 tundi\">6 tundi<\/option><option value=\"7 tundi\">7 tundi<\/option><option value=\"8 tundi\">8 tundi<\/option><option value=\"9 tundi\">9 tundi<\/option><option value=\"10 tundi\">10 tundi<\/option><option value=\"11 tundi\">11 tundi<\/option><option value=\"12 tundi\">12 tundi<\/option><\/select><\/span>\n\n<span class=\"wpcf7-form-control-wrap\" data-name=\"your-name\"><input size=\"40\" maxlength=\"400\" class=\"wpcf7-form-control wpcf7-text wpcf7-validates-as-required\" aria-required=\"true\" aria-invalid=\"false\" placeholder=\"Nimi\" value=\"\" type=\"text\" name=\"your-name\" \/><\/span>\n\n<span class=\"wpcf7-form-control-wrap\" data-name=\"your-email\"><input size=\"40\" maxlength=\"400\" class=\"wpcf7-form-control wpcf7-email wpcf7-validates-as-required wpcf7-text wpcf7-validates-as-email\" aria-required=\"true\" aria-invalid=\"false\" placeholder=\"Emaili aadress\" value=\"\" type=\"email\" name=\"your-email\" \/><\/span>\n\n<span class=\"wpcf7-form-control-wrap\" data-name=\"your-message\"><textarea cols=\"40\" rows=\"10\" maxlength=\"2000\" class=\"wpcf7-form-control wpcf7-textarea\" aria-invalid=\"false\" placeholder=\"Lisateave\" name=\"your-message\"><\/textarea><\/span>\n\n<div class=\"text-center\"><input class=\"wpcf7-form-control wpcf7-submit has-spinner\" type=\"submit\" value=\"Broneeri saun\" \/><\/div><div class=\"wpcf7-response-output\" aria-hidden=\"true\"><\/div>\n<\/form>\n<\/div>\n\n<\/div><\/div><div class=\"modal-body__img\"><img loading=\"lazy\" decoding=\"async\" width=\"896\" height=\"640\" src=\"https:\/\/tamperemaja.ee\/majutus\/wp-content\/uploads\/sites\/3\/fly-images\/452\/saun-896x640-c.jpg\" class=\"attachment-896x640\" alt=\"saun\" \/><\/div><\/div><\/div><\/div><\/div><\/div><div id=\"service-112\" class=\"service-item\"><div class=\"service-item__icon d-flex flex-wrap align-items-center\"><img decoding=\"async\" src=\"https:\/\/tamperemaja.ee\/majutus\/wp-content\/uploads\/sites\/3\/2022\/03\/icon-seminar.svg\" alt=\"\" \/><\/div><div class=\"service-item__content d-flex flex-wrap align-items-center\"><p class=\"has-large-font-size font-weight-bold\">Seminariruumid<\/p><div class=\"serv_desc\">Tampere Maja keldrikorrusel asub 40-kohaline seminariruum. Selles ajaloolise interj\u00f6\u00f6riga ruumis on v\u00f5imalik korraldada erinevaid \u00fcritusi \u2013 koosviibimisi, s\u00fcnnip\u00e4evasid, seminare jne. Seminariruumi juurde kuulub ka k\u00f6\u00f6k, kus saab valmistada suupisteid ning keeta kohvi v\u00f5i teed.\r\nHubases keldriruumis toimuvad nii meie kirjandus\u00f5htud ja kontserdid kui ka hernesupi\u00f5htud, mida korraldavad Tartus elavad soomlased iga kuu viimasel teisip\u00e4eval.<\/div><div class=\"wp-block-button\"><button type=\"button\" class=\"wp-block-button__link\" data-toggle=\"modal\" data-target=\"#serviceModal-112\">Vaata hindu<\/button><\/div><\/div><div class=\"modal fade\" id=\"serviceModal-112\" tabindex=\"-1\" aria-labelledby=\"serviceModal-112Label\" aria-hidden=\"true\"><div class=\"modal-dialog modal-service modal-dialog-centered modal-dialog-scrollable modal-xl\"><div class=\"modal-content\"><button type=\"button\" class=\"close\" data-dismiss=\"modal\" aria-label=\"Sulge\"><svg width=\"24\" height=\"24\" viewBox=\"0 0 24 24\" fill=\"none\" xmlns=\"http:\/\/www.w3.org\/2000\/svg\"><path fill-rule=\"evenodd\" clip-rule=\"evenodd\" d=\"M0.590729 20.5569C-0.19691 21.3445 -0.19691 22.6216 0.590729 23.4092C1.37837 24.1968 2.65538 24.1968 3.44302 23.4092L12.0002 14.8519L20.5575 23.4093C21.3452 24.1969 22.6222 24.1969 23.4098 23.4093C24.1975 22.6216 24.1975 21.3446 23.4098 20.557L14.8525 11.9996L23.4091 3.44304C24.1967 2.6554 24.1967 1.37838 23.4091 0.590733C22.6214 -0.19691 21.3444 -0.196911 20.5568 0.590731L12.0002 9.14733L3.44376 0.590805C2.65612 -0.196838 1.3791 -0.196838 0.591463 0.590805C-0.196176 1.37845 -0.196178 2.65547 0.591461 3.44311L9.14794 11.9996L0.590729 20.5569Z\" fill=\"var(--primary-color)\"\/><\/svg><\/button><div class=\"modal-body d-flex flex-wrap\"><div class=\"modal-body__content\"><p class=\"has-giant-font-size\">Seminariruumid<\/p><div class=\"modal-info__row\"><p>Seminariruumirendi tunnihind on 20 eurot.<\/p><\/div><\/div><div class=\"modal-body__img\"><img loading=\"lazy\" decoding=\"async\" width=\"896\" height=\"640\" src=\"https:\/\/tamperemaja.ee\/majutus\/wp-content\/uploads\/sites\/3\/fly-images\/450\/seminariruum-896x640-c.jpg\" class=\"attachment-896x640\" alt=\"seminariruum\" \/><\/div><\/div><\/div><\/div><\/div><\/div><\/div><\/div>","protected":false},"excerpt":{"rendered":"<p>Tutvu meie teenusevalikuga<\/p>\n","protected":false},"author":1,"featured_media":0,"parent":0,"menu_order":30,"comment_status":"closed","ping_status":"closed","template":"","meta":{"_acf_changed":false,"inline_featured_image":false,"footnotes":""},"class_list":["post-113","page","type-page","status-publish","hentry"],"acf":[],"_links":{"self":[{"href":"https:\/\/tamperemaja.ee\/majutus\/wp-json\/wp\/v2\/pages\/113"}],"collection":[{"href":"https:\/\/tamperemaja.ee\/majutus\/wp-json\/wp\/v2\/pages"}],"about":[{"href":"https:\/\/tamperemaja.ee\/majutus\/wp-json\/wp\/v2\/types\/page"}],"author":[{"embeddable":true,"href":"https:\/\/tamperemaja.ee\/majutus\/wp-json\/wp\/v2\/users\/1"}],"replies":[{"embeddable":true,"href":"https:\/\/tamperemaja.ee\/majutus\/wp-json\/wp\/v2\/comments?post=113"}],"version-history":[{"count":6,"href":"https:\/\/tamperemaja.ee\/majutus\/wp-json\/wp\/v2\/pages\/113\/revisions"}],"predecessor-version":[{"id":724,"href":"https:\/\/tamperemaja.ee\/majutus\/wp-json\/wp\/v2\/pages\/113\/revisions\/724"}],"wp:attachment":[{"href":"https:\/\/tamperemaja.ee\/majutus\/wp-json\/wp\/v2\/media?parent=113"}],"curies":[{"name":"wp","href":"https:\/\/api.w.org\/{rel}","templated":true}]}}