{"id":37,"date":"2022-03-04T12:29:54","date_gmt":"2022-03-04T12:29:54","guid":{"rendered":"https:\/\/www.tamperemaja.ee\/kultuuriuritused\/?page_id=37"},"modified":"2023-02-22T16:01:24","modified_gmt":"2023-02-22T14:01:24","slug":"avaleht","status":"publish","type":"page","link":"https:\/\/tamperemaja.ee\/kultuuriuritused\/","title":{"rendered":"Avaleht"},"content":{"rendered":"<div id=\"acf-block_29cfeb3c336a803e713260e7134b3a25\" class=\"acf-block-element element-cover\"><div class=\"element-inner d-flex flex-wrap align-items-center justify-content-center position-relative\"><div class=\"element-bg\"1><img loading=\"lazy\" decoding=\"async\" width=\"1408\" height=\"416\" src=\"https:\/\/tamperemaja.ee\/kultuuriuritused\/wp-content\/uploads\/sites\/2\/fly-images\/236\/kultuur-banner-1408x448-c.png\" class=\"attachment-1408x448\" alt=\"kultuur-banner\" \/><\/div><div class=\"element-content has-text-align-center\">\n\n<h1 class=\"wp-el wp-block-heading\">Puhka kultuuri keskel<\/h1>\n\n\n<div class=\"single-el el-line__decal\"><svg width=\"40\" height=\"40\" viewBox=\"0 0 40 40\" fill=\"none\" xmlns=\"http:\/\/www.w3.org\/2000\/svg\"><path d=\"M20 33.8787L16.2028 30.0815C11.3213 25.2 11.3213 17.2854 16.2028 12.4039L20 8.6067L23.7972 12.4039C28.6787 17.2854 28.6787 25.2 23.7972 30.0815L20 33.8787Z\" stroke=\"var(--primary-color)\" stroke-width=\"3\"\/><mask id=\"symbol-mask\" fill=\"white\"><path d=\"M11 25C7.68629 25 5 22.3137 5 19L5 15L13.5 15L13.5 25L11 25Z\"\/><\/mask><path d=\"M5 15L5 12L2 12L2 15L5 15ZM13.5 15L16.5 15L16.5 12L13.5 12L13.5 15ZM13.5 25L13.5 28L16.5 28L16.5 25L13.5 25ZM8 19L8 15L2 15L2 19L8 19ZM5 18L13.5 18L13.5 12L5 12L5 18ZM10.5 15L10.5 25L16.5 25L16.5 15L10.5 15ZM13.5 22L11 22L11 28L13.5 28L13.5 22ZM2 19C2 23.9706 6.02944 28 11 28L11 22C9.34315 22 8 20.6569 8 19L2 19Z\" fill=\"var(--primary-color)\" mask=\"url(#symbol-mask)\"\/><mask id=\"symbol-mask2\" fill=\"white\"><path d=\"M29 25C32.3137 25 35 22.3137 35 19L35 15L26.5 15L26.5 25L29 25Z\"\/><\/mask><path d=\"M35 15L35 12L38 12L38 15L35 15ZM26.5 15L23.5 15L23.5 12L26.5 12L26.5 15ZM26.5 25L26.5 28L23.5 28L23.5 25L26.5 25ZM32 19L32 15L38 15L38 19L32 19ZM35 18L26.5 18L26.5 12L35 12L35 18ZM29.5 15L29.5 25L23.5 25L23.5 15L29.5 15ZM26.5 22L29 22L29 28L26.5 28L26.5 22ZM38 19C38 23.9706 33.9706 28 29 28L29 22C30.6569 22 32 20.6569 32 19L38 19Z\" fill=\"var(--primary-color)\" mask=\"url(#symbol-mask2)\"\/><\/svg><\/div>\n\n\n<div class=\"wp-block-buttons is-layout-flex wp-block-buttons-is-layout-flex\">\n<div class=\"wp-block-button\"><a class=\"wp-block-button__link wp-element-button\" href=\"https:\/\/tamperemaja.ee\/kultuuriuritused\/category\/sundmused\/\">Vaata \u00fcritusi<\/a><\/div>\n<\/div>\n\n<\/div><\/div><\/div>\n\n<h2 id=\"acf-block_4095f0cc9ae28ab5d63a0ec396d0345d\" class=\"wp-el element-special-heading has-text-align-center\"><span class=\"position-relative\"><svg width=\"52\" height=\"33\" viewBox=\"0 0 52 33\" fill=\"none\" xmlns=\"http:\/\/www.w3.org\/2000\/svg\"><rect x=\"-2.14363\" y=\"-2.68221e-07\" width=\"19.8705\" height=\"19.8705\" transform=\"matrix(-0.714545 0.69959 -0.714545 -0.69959 38.6454 17.5144)\" stroke=\"var(--primary-color)\" stroke-width=\"3\"\/><rect x=\"-2.14363\" y=\"-2.68221e-07\" width=\"12.1463\" height=\"12.1463\" transform=\"matrix(-0.714545 0.69959 -0.714545 -0.69959 48.3246 17.4937)\" stroke=\"var(--primary-color)\" stroke-width=\"3\"\/><rect x=\"-2.14363\" y=\"-2.68221e-07\" width=\"12.1462\" height=\"12.1462\" transform=\"matrix(-0.714545 0.69959 -0.714545 -0.69959 17.9702 17.4937)\" stroke=\"var(--primary-color)\" stroke-width=\"3\"\/><\/svg>Kultuurip\u00e4evik<svg width=\"52\" height=\"33\" viewBox=\"0 0 52 33\" fill=\"none\" xmlns=\"http:\/\/www.w3.org\/2000\/svg\"><rect x=\"-2.14363\" y=\"-2.68221e-07\" width=\"19.8705\" height=\"19.8705\" transform=\"matrix(-0.714545 0.69959 -0.714545 -0.69959 38.6454 17.5144)\" stroke=\"var(--primary-color)\" stroke-width=\"3\"\/><rect x=\"-2.14363\" y=\"-2.68221e-07\" width=\"12.1463\" height=\"12.1463\" transform=\"matrix(-0.714545 0.69959 -0.714545 -0.69959 48.3246 17.4937)\" stroke=\"var(--primary-color)\" stroke-width=\"3\"\/><rect x=\"-2.14363\" y=\"-2.68221e-07\" width=\"12.1462\" height=\"12.1462\" transform=\"matrix(-0.714545 0.69959 -0.714545 -0.69959 17.9702 17.4937)\" stroke=\"var(--primary-color)\" stroke-width=\"3\"\/><\/svg><\/span><\/h2>\n\n<div id=\"acf-block_5583260b6f07674a8802cfee959d0a9f\" class=\"acf-block-element element-posts-extended\"><div id=\"post-3947\" class=\"post-item-extended__outer position-relative\"><div class=\"post-item-extended d-flex flex-wrap\"><a href=\"https:\/\/tamperemaja.ee\/kultuuriuritused\/satu-kalliokuusi-ja-ahti-meier\/\" class=\"post-item-extended__thumb d-block position-relative\"><img loading=\"lazy\" decoding=\"async\" width=\"500\" height=\"320\" src=\"https:\/\/tamperemaja.ee\/kultuuriuritused\/wp-content\/uploads\/sites\/2\/fly-images\/3948\/BETULA_SatuKalliokuusi2024-500px-768x320-c.jpg\" class=\"attachment-768x320\" alt=\"BETULA_SatuKalliokuusi2024-500px\" \/><\/a><div class=\"post-item-extended__content\"><div class=\"post-item-extended__meta\"><div class=\"d-flex flex-wrap align-items-center\"><p>Praegu \u00fcleval: <\/p><p class=\"has-text-align-right has-small-font-size\">kuni: 17.05.2026<\/p><\/div><p><a href=\"https:\/\/tamperemaja.ee\/kultuuriuritused\/satu-kalliokuusi-ja-ahti-meier\/\">Satu Kalliokuusi ja Ahti Meier<\/a><\/p><p class=\"post-item__name has-small-font-size\">Soome-ugri maastik, Satu Kalliokuusi ja Ahti Meier<\/p><\/div><div class=\"editor-content\">Kunstnikupaar Meier &#038; Kalliokuusi \u00fchisn\u00e4itus \u201eSoome-ugri maastik\u201c koosneb erinevates tehnikates valminud maalidest. N\u00e4itus avatakse Ainol<\/div><\/div><\/div><div class=\"wp-block-button\"><a href=\"https:\/\/tamperemaja.ee\/kultuuriuritused\/satu-kalliokuusi-ja-ahti-meier\/\" class=\"wp-block-button__link\">Loe l\u00e4hemalt<\/a><\/div><\/div><div id=\"post-3933\" class=\"post-item-extended__outer position-relative\"><div class=\"post-item-extended d-flex flex-wrap\"><a href=\"https:\/\/tamperemaja.ee\/kultuuriuritused\/koogiviljaaed\/\" class=\"post-item-extended__thumb d-block position-relative\"><img loading=\"lazy\" decoding=\"async\" width=\"768\" height=\"320\" src=\"https:\/\/tamperemaja.ee\/kultuuriuritused\/wp-content\/uploads\/sites\/2\/fly-images\/3934\/Keha2023-768x320-c.jpg\" class=\"attachment-768x320\" alt=\"Keha\u03082023\" \/><\/a><div class=\"post-item-extended__content\"><div class=\"post-item-extended__meta\"><div class=\"d-flex flex-wrap align-items-center\"><p>Praegu \u00fcleval: <\/p><p class=\"has-text-align-right has-small-font-size\">kuni: 31.12.2025<\/p><\/div><p><a href=\"https:\/\/tamperemaja.ee\/kultuuriuritused\/koogiviljaaed\/\">K\u00f6\u00f6giviljaaed<\/a><\/p><p class=\"post-item__name has-small-font-size\">K\u00f6\u00f6giviljaaed &#8211; Mariliina Valkama n\u00e4itus<\/p><\/div><div class=\"editor-content\">Soome kunstniku Mariliina Valkama n\u00e4itus \u201eK\u00f6\u00f6giviljaaed\u201d avatakse neljap\u00e4eval, 20. novembril, kell 17<\/div><\/div><\/div><div class=\"wp-block-button\"><a href=\"https:\/\/tamperemaja.ee\/kultuuriuritused\/koogiviljaaed\/\" class=\"wp-block-button__link\">Loe l\u00e4hemalt<\/a><\/div><\/div><\/div>\n\n<h2 id=\"acf-block_592cad60f622eae9a6e9164b3247476b\" class=\"wp-el element-special-heading has-text-align-center\"><span class=\"position-relative\"><svg width=\"52\" height=\"33\" viewBox=\"0 0 52 33\" fill=\"none\" xmlns=\"http:\/\/www.w3.org\/2000\/svg\"><rect x=\"-2.14363\" y=\"-2.68221e-07\" width=\"19.8705\" height=\"19.8705\" transform=\"matrix(-0.714545 0.69959 -0.714545 -0.69959 38.6454 17.5144)\" stroke=\"var(--primary-color)\" stroke-width=\"3\"\/><rect x=\"-2.14363\" y=\"-2.68221e-07\" width=\"12.1463\" height=\"12.1463\" transform=\"matrix(-0.714545 0.69959 -0.714545 -0.69959 48.3246 17.4937)\" stroke=\"var(--primary-color)\" stroke-width=\"3\"\/><rect x=\"-2.14363\" y=\"-2.68221e-07\" width=\"12.1462\" height=\"12.1462\" transform=\"matrix(-0.714545 0.69959 -0.714545 -0.69959 17.9702 17.4937)\" stroke=\"var(--primary-color)\" stroke-width=\"3\"\/><\/svg>Tulevased s\u00fcndmused<svg width=\"52\" height=\"33\" viewBox=\"0 0 52 33\" fill=\"none\" xmlns=\"http:\/\/www.w3.org\/2000\/svg\"><rect x=\"-2.14363\" y=\"-2.68221e-07\" width=\"19.8705\" height=\"19.8705\" transform=\"matrix(-0.714545 0.69959 -0.714545 -0.69959 38.6454 17.5144)\" stroke=\"var(--primary-color)\" stroke-width=\"3\"\/><rect x=\"-2.14363\" y=\"-2.68221e-07\" width=\"12.1463\" height=\"12.1463\" transform=\"matrix(-0.714545 0.69959 -0.714545 -0.69959 48.3246 17.4937)\" stroke=\"var(--primary-color)\" stroke-width=\"3\"\/><rect x=\"-2.14363\" y=\"-2.68221e-07\" width=\"12.1462\" height=\"12.1462\" transform=\"matrix(-0.714545 0.69959 -0.714545 -0.69959 17.9702 17.4937)\" stroke=\"var(--primary-color)\" stroke-width=\"3\"\/><\/svg><\/span><\/h2>\n\n<div id=\"acf-block_39578059c5f1b5da8155e9777399bd59\" class=\"acf-block-element element-posts\"><div class=\"row row-grid row-posts justify-content-center\"><div class=\"col-12 col-sm-6 col-md-6 col-lg-4 col-xl-3\"><article id=\"post-3947\" class=\"post-item position-relative h-100\"><a href=\"https:\/\/tamperemaja.ee\/kultuuriuritused\/satu-kalliokuusi-ja-ahti-meier\/\" class=\"post-item__thumb d-block position-relative\"><img loading=\"lazy\" decoding=\"async\" width=\"304\" height=\"192\" src=\"https:\/\/tamperemaja.ee\/kultuuriuritused\/wp-content\/uploads\/sites\/2\/2026\/03\/BETULA_SatuKalliokuusi2024-500px-304x192.jpg\" class=\"attachment-thumbnail size-thumbnail wp-post-image\" alt=\"\" \/><\/a><div class=\"post-item__content text-center\"><p class=\"has-large-font-size font-weight-bold d-flex flex-wrap align-items-center justify-content-center\"><a href=\"https:\/\/tamperemaja.ee\/kultuuriuritused\/satu-kalliokuusi-ja-ahti-meier\/\">Satu Kalliokuusi ja Ahti Meier<\/a><\/p><div class=\"post-item__content-end\"><p>Soome-ugri maastik, Satu Kalliokuusi ja Ahti Meier<\/p><div class=\"el-line__decal\"><svg width=\"40\" height=\"40\" viewBox=\"0 0 40 40\" fill=\"none\" xmlns=\"http:\/\/www.w3.org\/2000\/svg\"><path d=\"M20 33.8787L16.2028 30.0815C11.3213 25.2 11.3213 17.2854 16.2028 12.4039L20 8.6067L23.7972 12.4039C28.6787 17.2854 28.6787 25.2 23.7972 30.0815L20 33.8787Z\" stroke=\"var(--primary-color)\" stroke-width=\"3\"\/><mask id=\"symbol-mask\" fill=\"white\"><path d=\"M11 25C7.68629 25 5 22.3137 5 19L5 15L13.5 15L13.5 25L11 25Z\"\/><\/mask><path d=\"M5 15L5 12L2 12L2 15L5 15ZM13.5 15L16.5 15L16.5 12L13.5 12L13.5 15ZM13.5 25L13.5 28L16.5 28L16.5 25L13.5 25ZM8 19L8 15L2 15L2 19L8 19ZM5 18L13.5 18L13.5 12L5 12L5 18ZM10.5 15L10.5 25L16.5 25L16.5 15L10.5 15ZM13.5 22L11 22L11 28L13.5 28L13.5 22ZM2 19C2 23.9706 6.02944 28 11 28L11 22C9.34315 22 8 20.6569 8 19L2 19Z\" fill=\"var(--primary-color)\" mask=\"url(#symbol-mask)\"\/><mask id=\"symbol-mask2\" fill=\"white\"><path d=\"M29 25C32.3137 25 35 22.3137 35 19L35 15L26.5 15L26.5 25L29 25Z\"\/><\/mask><path d=\"M35 15L35 12L38 12L38 15L35 15ZM26.5 15L23.5 15L23.5 12L26.5 12L26.5 15ZM26.5 25L26.5 28L23.5 28L23.5 25L26.5 25ZM32 19L32 15L38 15L38 19L32 19ZM35 18L26.5 18L26.5 12L35 12L35 18ZM29.5 15L29.5 25L23.5 25L23.5 15L29.5 15ZM26.5 22L29 22L29 28L26.5 28L26.5 22ZM38 19C38 23.9706 33.9706 28 29 28L29 22C30.6569 22 32 20.6569 32 19L38 19Z\" fill=\"var(--primary-color)\" mask=\"url(#symbol-mask2)\"\/><\/svg><\/div><div class=\"wp-block-button\"><a href=\"https:\/\/tamperemaja.ee\/kultuuriuritused\/satu-kalliokuusi-ja-ahti-meier\/\" class=\"wp-block-button__link\">Vaata l\u00e4hemalt<\/a><\/div><\/div><\/div><\/article><\/div><div class=\"col-12 col-sm-6 col-md-6 col-lg-4 col-xl-3\"><article id=\"post-3933\" class=\"post-item position-relative h-100\"><a href=\"https:\/\/tamperemaja.ee\/kultuuriuritused\/koogiviljaaed\/\" class=\"post-item__thumb d-block position-relative\"><img loading=\"lazy\" decoding=\"async\" width=\"304\" height=\"192\" src=\"https:\/\/tamperemaja.ee\/kultuuriuritused\/wp-content\/uploads\/sites\/2\/2025\/11\/Keha2023-304x192.jpg\" class=\"attachment-thumbnail size-thumbnail wp-post-image\" alt=\"\" \/><\/a><div class=\"post-item__content text-center\"><p class=\"has-large-font-size font-weight-bold d-flex flex-wrap align-items-center justify-content-center\"><a href=\"https:\/\/tamperemaja.ee\/kultuuriuritused\/koogiviljaaed\/\">K\u00f6\u00f6giviljaaed<\/a><\/p><div class=\"post-item__content-end\"><p>K\u00f6\u00f6giviljaaed &#8211; Mariliina Valkama n\u00e4itus<\/p><div class=\"el-line__decal\"><svg width=\"40\" height=\"40\" viewBox=\"0 0 40 40\" fill=\"none\" xmlns=\"http:\/\/www.w3.org\/2000\/svg\"><path d=\"M20 33.8787L16.2028 30.0815C11.3213 25.2 11.3213 17.2854 16.2028 12.4039L20 8.6067L23.7972 12.4039C28.6787 17.2854 28.6787 25.2 23.7972 30.0815L20 33.8787Z\" stroke=\"var(--primary-color)\" stroke-width=\"3\"\/><mask id=\"symbol-mask\" fill=\"white\"><path d=\"M11 25C7.68629 25 5 22.3137 5 19L5 15L13.5 15L13.5 25L11 25Z\"\/><\/mask><path d=\"M5 15L5 12L2 12L2 15L5 15ZM13.5 15L16.5 15L16.5 12L13.5 12L13.5 15ZM13.5 25L13.5 28L16.5 28L16.5 25L13.5 25ZM8 19L8 15L2 15L2 19L8 19ZM5 18L13.5 18L13.5 12L5 12L5 18ZM10.5 15L10.5 25L16.5 25L16.5 15L10.5 15ZM13.5 22L11 22L11 28L13.5 28L13.5 22ZM2 19C2 23.9706 6.02944 28 11 28L11 22C9.34315 22 8 20.6569 8 19L2 19Z\" fill=\"var(--primary-color)\" mask=\"url(#symbol-mask)\"\/><mask id=\"symbol-mask2\" fill=\"white\"><path d=\"M29 25C32.3137 25 35 22.3137 35 19L35 15L26.5 15L26.5 25L29 25Z\"\/><\/mask><path d=\"M35 15L35 12L38 12L38 15L35 15ZM26.5 15L23.5 15L23.5 12L26.5 12L26.5 15ZM26.5 25L26.5 28L23.5 28L23.5 25L26.5 25ZM32 19L32 15L38 15L38 19L32 19ZM35 18L26.5 18L26.5 12L35 12L35 18ZM29.5 15L29.5 25L23.5 25L23.5 15L29.5 15ZM26.5 22L29 22L29 28L26.5 28L26.5 22ZM38 19C38 23.9706 33.9706 28 29 28L29 22C30.6569 22 32 20.6569 32 19L38 19Z\" fill=\"var(--primary-color)\" mask=\"url(#symbol-mask2)\"\/><\/svg><\/div><div class=\"wp-block-button\"><a href=\"https:\/\/tamperemaja.ee\/kultuuriuritused\/koogiviljaaed\/\" class=\"wp-block-button__link\">Vaata l\u00e4hemalt<\/a><\/div><\/div><\/div><\/article><\/div><\/div><\/div>\n\n<h2 id=\"acf-block_6b883d96981422102ffd15cb75e4d55f\" class=\"wp-el element-special-heading has-text-align-center\"><span class=\"position-relative\"><svg width=\"52\" height=\"33\" viewBox=\"0 0 52 33\" fill=\"none\" xmlns=\"http:\/\/www.w3.org\/2000\/svg\"><rect x=\"-2.14363\" y=\"-2.68221e-07\" width=\"19.8705\" height=\"19.8705\" transform=\"matrix(-0.714545 0.69959 -0.714545 -0.69959 38.6454 17.5144)\" stroke=\"var(--primary-color)\" stroke-width=\"3\"\/><rect x=\"-2.14363\" y=\"-2.68221e-07\" width=\"12.1463\" height=\"12.1463\" transform=\"matrix(-0.714545 0.69959 -0.714545 -0.69959 48.3246 17.4937)\" stroke=\"var(--primary-color)\" stroke-width=\"3\"\/><rect x=\"-2.14363\" y=\"-2.68221e-07\" width=\"12.1462\" height=\"12.1462\" transform=\"matrix(-0.714545 0.69959 -0.714545 -0.69959 17.9702 17.4937)\" stroke=\"var(--primary-color)\" stroke-width=\"3\"\/><\/svg>Kes me oleme<svg width=\"52\" height=\"33\" viewBox=\"0 0 52 33\" fill=\"none\" xmlns=\"http:\/\/www.w3.org\/2000\/svg\"><rect x=\"-2.14363\" y=\"-2.68221e-07\" width=\"19.8705\" height=\"19.8705\" transform=\"matrix(-0.714545 0.69959 -0.714545 -0.69959 38.6454 17.5144)\" stroke=\"var(--primary-color)\" stroke-width=\"3\"\/><rect x=\"-2.14363\" y=\"-2.68221e-07\" width=\"12.1463\" height=\"12.1463\" transform=\"matrix(-0.714545 0.69959 -0.714545 -0.69959 48.3246 17.4937)\" stroke=\"var(--primary-color)\" stroke-width=\"3\"\/><rect x=\"-2.14363\" y=\"-2.68221e-07\" width=\"12.1462\" height=\"12.1462\" transform=\"matrix(-0.714545 0.69959 -0.714545 -0.69959 17.9702 17.4937)\" stroke=\"var(--primary-color)\" stroke-width=\"3\"\/><\/svg><\/span><\/h2>\n\n\n<p class=\"has-text-align-center wp-el\">Tampere Maja on kahe s\u00f5pruslinna kultuurikeskus ja k\u00fclalistemaja. Majas on kolm kaheinimesetuba, kolm peretuba ning \u00fcks kuueinimesetuba (l\u00e4bi kahe korruse). K\u00f5igis tubades oma vannituba, peretubades ka k\u00f6\u00f6k. Kokku on meie k\u00fclalistemajas 24 voodikohta.<br>Hommikus\u00f6\u00f6k on hinna sees.<\/p>\n\n\n\n<p class=\"has-text-align-center wp-el\">Tampere Maja korraldab ka erinevaid kultuuri\u00fcritusi \u2013 n\u00e4ituseid, kirjandus\u00f5htud.<\/p>\n\n\n\n<div class=\"wp-block-buttons is-content-justification-center is-layout-flex wp-container-core-buttons-is-layout-2 wp-block-buttons-is-layout-flex\">\n<div class=\"wp-block-button\"><a class=\"wp-block-button__link wp-element-button\" href=\"https:\/\/tamperemaja.ee\/kultuuriuritused\/meist\/\">Loe l\u00e4hemalt<\/a><\/div>\n<\/div>\n\n\n<h2 id=\"acf-block_97030e670e800744ac6895251b1a389d\" class=\"wp-el element-special-heading has-text-align-center\"><span class=\"position-relative\"><svg width=\"52\" height=\"33\" viewBox=\"0 0 52 33\" fill=\"none\" xmlns=\"http:\/\/www.w3.org\/2000\/svg\"><rect x=\"-2.14363\" y=\"-2.68221e-07\" width=\"19.8705\" height=\"19.8705\" transform=\"matrix(-0.714545 0.69959 -0.714545 -0.69959 38.6454 17.5144)\" stroke=\"var(--primary-color)\" stroke-width=\"3\"\/><rect x=\"-2.14363\" y=\"-2.68221e-07\" width=\"12.1463\" height=\"12.1463\" transform=\"matrix(-0.714545 0.69959 -0.714545 -0.69959 48.3246 17.4937)\" stroke=\"var(--primary-color)\" stroke-width=\"3\"\/><rect x=\"-2.14363\" y=\"-2.68221e-07\" width=\"12.1462\" height=\"12.1462\" transform=\"matrix(-0.714545 0.69959 -0.714545 -0.69959 17.9702 17.4937)\" stroke=\"var(--primary-color)\" stroke-width=\"3\"\/><\/svg>J\u00e4lgi meie tegemisi Facebookis<svg width=\"52\" height=\"33\" viewBox=\"0 0 52 33\" fill=\"none\" xmlns=\"http:\/\/www.w3.org\/2000\/svg\"><rect x=\"-2.14363\" y=\"-2.68221e-07\" width=\"19.8705\" height=\"19.8705\" transform=\"matrix(-0.714545 0.69959 -0.714545 -0.69959 38.6454 17.5144)\" stroke=\"var(--primary-color)\" stroke-width=\"3\"\/><rect x=\"-2.14363\" y=\"-2.68221e-07\" width=\"12.1463\" height=\"12.1463\" transform=\"matrix(-0.714545 0.69959 -0.714545 -0.69959 48.3246 17.4937)\" stroke=\"var(--primary-color)\" stroke-width=\"3\"\/><rect x=\"-2.14363\" y=\"-2.68221e-07\" width=\"12.1462\" height=\"12.1462\" transform=\"matrix(-0.714545 0.69959 -0.714545 -0.69959 17.9702 17.4937)\" stroke=\"var(--primary-color)\" stroke-width=\"3\"\/><\/svg><\/span><\/h2>\n\n<div id=\"acf-block_809492f22f3a17b0d36bd110a0724d0c\" class=\"acf-block-element element-cover\"><div class=\"element-inner d-flex flex-wrap align-items-center justify-content-center position-relative\"><div class=\"element-bg\"1><img loading=\"lazy\" decoding=\"async\" width=\"1408\" height=\"448\" src=\"https:\/\/tamperemaja.ee\/kultuuriuritused\/wp-content\/uploads\/sites\/2\/fly-images\/241\/majutus-banner-1408x448-c.png\" class=\"attachment-1408x448\" alt=\"majutus-banner\" \/><\/div><div class=\"element-content has-text-align-center\">\n\n<h2 class=\"has-giant-font-size wp-el wp-block-heading\">Pakume ka majutust Tartu s\u00fcdames<\/h2>\n\n\n\n<p class=\"wp-el\">Mugavad ja privaatsed toad kultuuri keskel<\/p>\n\n\n<div class=\"single-el el-line__decal\"><svg width=\"40\" height=\"40\" viewBox=\"0 0 40 40\" fill=\"none\" xmlns=\"http:\/\/www.w3.org\/2000\/svg\"><path d=\"M20 33.8787L16.2028 30.0815C11.3213 25.2 11.3213 17.2854 16.2028 12.4039L20 8.6067L23.7972 12.4039C28.6787 17.2854 28.6787 25.2 23.7972 30.0815L20 33.8787Z\" stroke=\"var(--primary-color)\" stroke-width=\"3\"\/><mask id=\"symbol-mask\" fill=\"white\"><path d=\"M11 25C7.68629 25 5 22.3137 5 19L5 15L13.5 15L13.5 25L11 25Z\"\/><\/mask><path d=\"M5 15L5 12L2 12L2 15L5 15ZM13.5 15L16.5 15L16.5 12L13.5 12L13.5 15ZM13.5 25L13.5 28L16.5 28L16.5 25L13.5 25ZM8 19L8 15L2 15L2 19L8 19ZM5 18L13.5 18L13.5 12L5 12L5 18ZM10.5 15L10.5 25L16.5 25L16.5 15L10.5 15ZM13.5 22L11 22L11 28L13.5 28L13.5 22ZM2 19C2 23.9706 6.02944 28 11 28L11 22C9.34315 22 8 20.6569 8 19L2 19Z\" fill=\"var(--primary-color)\" mask=\"url(#symbol-mask)\"\/><mask id=\"symbol-mask2\" fill=\"white\"><path d=\"M29 25C32.3137 25 35 22.3137 35 19L35 15L26.5 15L26.5 25L29 25Z\"\/><\/mask><path d=\"M35 15L35 12L38 12L38 15L35 15ZM26.5 15L23.5 15L23.5 12L26.5 12L26.5 15ZM26.5 25L26.5 28L23.5 28L23.5 25L26.5 25ZM32 19L32 15L38 15L38 19L32 19ZM35 18L26.5 18L26.5 12L35 12L35 18ZM29.5 15L29.5 25L23.5 25L23.5 15L29.5 15ZM26.5 22L29 22L29 28L26.5 28L26.5 22ZM38 19C38 23.9706 33.9706 28 29 28L29 22C30.6569 22 32 20.6569 32 19L38 19Z\" fill=\"var(--primary-color)\" mask=\"url(#symbol-mask2)\"\/><\/svg><\/div>\n\n\n<div class=\"wp-block-buttons is-layout-flex wp-block-buttons-is-layout-flex\">\n<div class=\"wp-block-button\"><a class=\"wp-block-button__link wp-element-button\" href=\"https:\/\/tamperemaja.ee\/majutus\/\">Uuri l\u00e4hemalt<\/a><\/div>\n\n\n\n<div class=\"wp-block-button\"><a class=\"wp-block-button__link wp-element-button\" href=\"#\">Broneeri endale tuba<\/a><\/div>\n<\/div>\n\n<\/div><\/div><\/div>\n\n<div id=\"acf-block_1070197ab067712b3330b7757931cad3\" class=\"acf-block-element element-map alignfull\"><iframe src=\"https:\/\/www.google.com\/maps\/embed?pb=!1m18!1m12!1m3!1d2091.6722683984144!2d26.71766951647965!3d58.382063793648314!2m3!1f0!2f0!3f0!3m2!1i1024!2i768!4f13.1!3m3!1m2!1s0x46eb36e6a2b053af%3A0x9e1a5bfae3d37888!2sTampere%20Maja%20SA!5e0!3m2!1sen!2see!4v1647258380493!5m2!1sen!2see\" width=\"600\" height=\"450\" style=\"border:0;\" allowfullscreen=\"\" loading=\"lazy\"><\/iframe><\/div>","protected":false},"excerpt":{"rendered":"<p>Tampere Maja on kahe s\u00f5pruslinna kultuurikeskus ja k\u00fclalistemaja. Majas on kolm kaheinimesetuba, kolm peretuba ning \u00fcks kuueinimesetuba (l\u00e4bi kahe korruse)&#8230;.<\/p>\n","protected":false},"author":1,"featured_media":0,"parent":0,"menu_order":0,"comment_status":"closed","ping_status":"closed","template":"","meta":{"_acf_changed":false,"inline_featured_image":false,"footnotes":""},"class_list":["post-37","page","type-page","status-publish","hentry"],"acf":[],"_links":{"self":[{"href":"https:\/\/tamperemaja.ee\/kultuuriuritused\/wp-json\/wp\/v2\/pages\/37"}],"collection":[{"href":"https:\/\/tamperemaja.ee\/kultuuriuritused\/wp-json\/wp\/v2\/pages"}],"about":[{"href":"https:\/\/tamperemaja.ee\/kultuuriuritused\/wp-json\/wp\/v2\/types\/page"}],"author":[{"embeddable":true,"href":"https:\/\/tamperemaja.ee\/kultuuriuritused\/wp-json\/wp\/v2\/users\/1"}],"replies":[{"embeddable":true,"href":"https:\/\/tamperemaja.ee\/kultuuriuritused\/wp-json\/wp\/v2\/comments?post=37"}],"version-history":[{"count":74,"href":"https:\/\/tamperemaja.ee\/kultuuriuritused\/wp-json\/wp\/v2\/pages\/37\/revisions"}],"predecessor-version":[{"id":2563,"href":"https:\/\/tamperemaja.ee\/kultuuriuritused\/wp-json\/wp\/v2\/pages\/37\/revisions\/2563"}],"wp:attachment":[{"href":"https:\/\/tamperemaja.ee\/kultuuriuritused\/wp-json\/wp\/v2\/media?parent=37"}],"curies":[{"name":"wp","href":"https:\/\/api.w.org\/{rel}","templated":true}]}}